{"id":196,"date":"2018-09-26T17:30:12","date_gmt":"2018-09-26T17:30:12","guid":{"rendered":"https:\/\/renovation.progressionstudios.com\/?page_id=196"},"modified":"2021-10-22T07:55:12","modified_gmt":"2021-10-22T07:55:12","slug":"portfolio","status":"publish","type":"page","link":"https:\/\/umranyapimarket.com\/index.php\/portfolio\/","title":{"rendered":"Portfolyo"},"content":{"rendered":"\t\t<div data-elementor-type=\"wp-page\" data-elementor-id=\"196\" class=\"elementor elementor-196 elementor-bc-flex-widget\" data-elementor-settings=\"[]\">\n\t\t\t\t\t\t\t<div class=\"elementor-section-wrap\">\n\t\t\t\t\t\t\t<section class=\"elementor-section elementor-top-section elementor-element elementor-element-981d3f5 elementor-section-boxed elementor-section-height-default elementor-section-height-default\" data-id=\"981d3f5\" data-element_type=\"section\">\n\t\t\t\t\t\t<div class=\"elementor-container elementor-column-gap-default\">\n\t\t\t\t\t<div class=\"elementor-column elementor-col-100 elementor-top-column elementor-element elementor-element-5750351\" data-id=\"5750351\" data-element_type=\"column\">\n\t\t\t<div class=\"elementor-widget-wrap elementor-element-populated\">\n\t\t\t\t\t\t\t\t<div class=\"elementor-element elementor-element-534e5ce elementor-widget elementor-widget-progression-portfolio-post-list\" data-id=\"534e5ce\" data-element_type=\"widget\" data-widget_type=\"progression-portfolio-post-list.default\">\n\t\t\t\t<div class=\"elementor-widget-container\">\n\t\t\t\t\n\t\n\t\n\t\t\t<div class=\"progression-filter-button-break-wide\">\n\t\t\t<ul class=\"progression-filter-button-group progression-filter-group-534e5ce\">\n\t\t\t\t\t\t\t\t\t<li class=\"pro-checked\" data-filter=\"*\">All<\/li> <li data-filter=\".islerimiz\">\u0130\u015flerimiz<\/li>\t\t\t\t\t\t\t<\/ul>\n\t\t\t<div class=\"clearfix-pro\"><\/div>\n\t\t<\/div>\n\t\t\n\n\t\n\t<div class=\"progression-studios-elementor-portfolio-container\">\n\n\t\t<div class=\"progression-masonry-margins\">\n\t\t\t<div id=\"progression-portfolio-index-masonry-534e5ce\">\n\t\t\t\t\t\t\t\t\t\n\t\t\t\t<div class=\"progression-masonry-item > islerimiz\t\t\t\t\"><!-- .progression-masonry-item -->\n\t\t\t\t\t<div class=\"progression-masonry-padding-blog\">\n\t\t\t\t\t\t<div class=\"progression-studios-isotope-animation\">\n\t\t\t\t\t\t\t\n\t\t\t\t\t\t\t\n<div id=\"post-250\" class=\"post-250 portfolio type-portfolio status-publish has-post-thumbnail hentry portfolio_type-islerimiz\">\t\n\t<div class=\"progression-studios-overlay-layout\">\n\t\t<div class=\"progression-studios-default-portfolio-index\">\n\t\t\t\t\n\t\t\t\t\n\t\t\t\t\t\t\n\t\t\t\t\t\t\t\t\t\n\t\t\t\t\t\t\t\t\t\t<a href=\"https:\/\/umranyapimarket.com\/wp-content\/uploads\/2018\/09\/home-kitchen-remodel-1024x721.jpg\" data-rel=\"prettyPhoto[portfolio-gallery]\" >\n\t\t\t\t\t\t\t\t\t\n\t\t\t\t\n\t\t\n\n\t\t\t\t\t\t\t\t\t\t\t<div class=\"progression-studios-feaured-image\">\n\t\t\t\t\t\t\t<img width=\"600\" height=\"390\" src=\"https:\/\/umranyapimarket.com\/wp-content\/uploads\/2018\/09\/home-kitchen-remodel-600x390.jpg\" class=\"attachment-progression-studios-portfolio-index size-progression-studios-portfolio-index wp-post-image\" alt=\"\" loading=\"lazy\" \/>\t\t\t\t\t\t<\/div><!-- close .progression-studios-feaured-image -->\n\t\t\t\t\t\t\t\n\t\t\t\t\t<div class=\"progression-portfolio-overlay\">\n\t\t\t\t\t\t<div class=\"progression-portfolio-content\">\n\t\t\t\t\t\t\n\t\t\t\t\t\t\t<ul class=\"progression-renovation-category\"><\/ul>\t\t\t\t\t\t\n\t\t\t\t\t\t\t<h2 class=\"progression-portfolio-title\">Mutfak Yenileme<\/h2>\n\t\t\t\t\t\t\n\t\t\t\t\t\t\t\t\t\t\t\t\t\t\t<div class=\"progression-portfolio-btn\">View Project<i class=\"fa fa-angle-double-right\"><\/i><\/div>\n\t\t\t\t\t\t\t\t\t\t\t\t\t\n\t\t\t\t\t\t<\/div><!-- close .progression-portfolio-content -->\n\t\t\t\t\t<\/div><!-- close .progression-portfolio-overlay -->\n\t\n\t\t\t\t\t<div class=\"clearfix-pro\"><\/div>\n\t\n\t\t\t<\/a>\n\t\t<\/div><!-- close .progression-studios-default-portfolio-index -->\n\t<\/div>\n<\/div><!-- #post-## -->\t\t\t\t\t\t\t\n\t\t\t\t\t\t<\/div><!-- close .progression-studios-isotope-animation -->\n\t\t\t\t\t<\/div><!-- close .progression-masonry-padding-blog -->\n\t\t\t\t<\/div><!-- close .progression-masonry-item -->\n\t\t\t\t\t\t\t\t\t\n\t\t\t\t<div class=\"progression-masonry-item > islerimiz\t\t\t\t\"><!-- .progression-masonry-item -->\n\t\t\t\t\t<div class=\"progression-masonry-padding-blog\">\n\t\t\t\t\t\t<div class=\"progression-studios-isotope-animation\">\n\t\t\t\t\t\t\t\n\t\t\t\t\t\t\t\n<div id=\"post-253\" class=\"post-253 portfolio type-portfolio status-publish has-post-thumbnail hentry portfolio_type-islerimiz\">\t\n\t<div class=\"progression-studios-overlay-layout\">\n\t\t<div class=\"progression-studios-default-portfolio-index\">\n\t\t\t\t\n\t\t\t\t\n\t\t\t\t\t\t\n\t\t\t\t\t\t\t\t\t\n\t\t\t\t\t\t\t\t\t\t<a href=\"https:\/\/umranyapimarket.com\/wp-content\/uploads\/2018\/09\/portfolio-2-1024x512.jpg\" data-rel=\"prettyPhoto[portfolio-gallery]\" >\n\t\t\t\t\t\t\t\t\t\n\t\t\t\t\n\t\t\n\n\t\t\t\t\t\t\t\t\t\t\t<div class=\"progression-studios-feaured-image\">\n\t\t\t\t\t\t\t<img width=\"600\" height=\"390\" src=\"https:\/\/umranyapimarket.com\/wp-content\/uploads\/2018\/09\/portfolio-2-600x390.jpg\" class=\"attachment-progression-studios-portfolio-index size-progression-studios-portfolio-index wp-post-image\" alt=\"\" loading=\"lazy\" \/>\t\t\t\t\t\t<\/div><!-- close .progression-studios-feaured-image -->\n\t\t\t\t\t\t\t\n\t\t\t\t\t<div class=\"progression-portfolio-overlay\">\n\t\t\t\t\t\t<div class=\"progression-portfolio-content\">\n\t\t\t\t\t\t\n\t\t\t\t\t\t\t<ul class=\"progression-renovation-category\"><\/ul>\t\t\t\t\t\t\n\t\t\t\t\t\t\t<h2 class=\"progression-portfolio-title\">Villa \u0130n\u015faat\u0131<\/h2>\n\t\t\t\t\t\t\n\t\t\t\t\t\t\t\t\t\t\t\t\t\t\t<div class=\"progression-portfolio-btn\">View Project<i class=\"fa fa-angle-double-right\"><\/i><\/div>\n\t\t\t\t\t\t\t\t\t\t\t\t\t\n\t\t\t\t\t\t<\/div><!-- close .progression-portfolio-content -->\n\t\t\t\t\t<\/div><!-- close .progression-portfolio-overlay -->\n\t\n\t\t\t\t\t<div class=\"clearfix-pro\"><\/div>\n\t\n\t\t\t<\/a>\n\t\t<\/div><!-- close .progression-studios-default-portfolio-index -->\n\t<\/div>\n<\/div><!-- #post-## -->\t\t\t\t\t\t\t\n\t\t\t\t\t\t<\/div><!-- close .progression-studios-isotope-animation -->\n\t\t\t\t\t<\/div><!-- close .progression-masonry-padding-blog -->\n\t\t\t\t<\/div><!-- close .progression-masonry-item -->\n\t\t\t\t\t\t\t\t\t\n\t\t\t\t<div class=\"progression-masonry-item > islerimiz\t\t\t\t\"><!-- .progression-masonry-item -->\n\t\t\t\t\t<div class=\"progression-masonry-padding-blog\">\n\t\t\t\t\t\t<div class=\"progression-studios-isotope-animation\">\n\t\t\t\t\t\t\t\n\t\t\t\t\t\t\t\n<div id=\"post-267\" class=\"post-267 portfolio type-portfolio status-publish has-post-thumbnail hentry portfolio_type-islerimiz\">\t\n\t<div class=\"progression-studios-overlay-layout\">\n\t\t<div class=\"progression-studios-default-portfolio-index\">\n\t\t\t\t\n\t\t\t\t\n\t\t\t\t\t\t\n\t\t\t\t\t\t\t\t\t\n\t\t\t\t\t\t\t\t\t\t<a href=\"https:\/\/umranyapimarket.com\/wp-content\/uploads\/2018\/09\/portfolio-3-1024x576.jpg\" data-rel=\"prettyPhoto[portfolio-gallery]\" >\n\t\t\t\t\t\t\t\t\t\n\t\t\t\t\n\t\t\n\n\t\t\t\t\t\t\t\t\t\t\t<div class=\"progression-studios-feaured-image\">\n\t\t\t\t\t\t\t<img width=\"600\" height=\"390\" src=\"https:\/\/umranyapimarket.com\/wp-content\/uploads\/2018\/09\/portfolio-3-600x390.jpg\" class=\"attachment-progression-studios-portfolio-index size-progression-studios-portfolio-index wp-post-image\" alt=\"\" loading=\"lazy\" \/>\t\t\t\t\t\t<\/div><!-- close .progression-studios-feaured-image -->\n\t\t\t\t\t\t\t\n\t\t\t\t\t<div class=\"progression-portfolio-overlay\">\n\t\t\t\t\t\t<div class=\"progression-portfolio-content\">\n\t\t\t\t\t\t\n\t\t\t\t\t\t\t<ul class=\"progression-renovation-category\"><\/ul>\t\t\t\t\t\t\n\t\t\t\t\t\t\t<h2 class=\"progression-portfolio-title\">Ofis Yenileme<\/h2>\n\t\t\t\t\t\t\n\t\t\t\t\t\t\t\t\t\t\t\t\t\t\t<div class=\"progression-portfolio-btn\">View Project<i class=\"fa fa-angle-double-right\"><\/i><\/div>\n\t\t\t\t\t\t\t\t\t\t\t\t\t\n\t\t\t\t\t\t<\/div><!-- close .progression-portfolio-content -->\n\t\t\t\t\t<\/div><!-- close .progression-portfolio-overlay -->\n\t\n\t\t\t\t\t<div class=\"clearfix-pro\"><\/div>\n\t\n\t\t\t<\/a>\n\t\t<\/div><!-- close .progression-studios-default-portfolio-index -->\n\t<\/div>\n<\/div><!-- #post-## -->\t\t\t\t\t\t\t\n\t\t\t\t\t\t<\/div><!-- close .progression-studios-isotope-animation -->\n\t\t\t\t\t<\/div><!-- close .progression-masonry-padding-blog -->\n\t\t\t\t<\/div><!-- close .progression-masonry-item -->\n\t\t\t\t\t\t\t\t\t\n\t\t\t\t<div class=\"progression-masonry-item > islerimiz\t\t\t\t\"><!-- .progression-masonry-item -->\n\t\t\t\t\t<div class=\"progression-masonry-padding-blog\">\n\t\t\t\t\t\t<div class=\"progression-studios-isotope-animation\">\n\t\t\t\t\t\t\t\n\t\t\t\t\t\t\t\n<div id=\"post-266\" class=\"post-266 portfolio type-portfolio status-publish has-post-thumbnail hentry portfolio_type-islerimiz\">\t\n\t<div class=\"progression-studios-overlay-layout\">\n\t\t<div class=\"progression-studios-default-portfolio-index\">\n\t\t\t\t\n\t\t\t\t\n\t\t\t\t\t\t\n\t\t\t\t\t\t\t\t\t\n\t\t\t\t\t\t\t\t\t\t<a href=\"https:\/\/umranyapimarket.com\/wp-content\/uploads\/2018\/09\/portfolio-4.jpg\" data-rel=\"prettyPhoto[portfolio-gallery]\" >\n\t\t\t\t\t\t\t\t\t\n\t\t\t\t\n\t\t\n\n\t\t\t\t\t\t\t\t\t\t\t<div class=\"progression-studios-feaured-image\">\n\t\t\t\t\t\t\t<img width=\"600\" height=\"390\" src=\"https:\/\/umranyapimarket.com\/wp-content\/uploads\/2018\/09\/portfolio-4-600x390.jpg\" class=\"attachment-progression-studios-portfolio-index size-progression-studios-portfolio-index wp-post-image\" alt=\"\" loading=\"lazy\" \/>\t\t\t\t\t\t<\/div><!-- close .progression-studios-feaured-image -->\n\t\t\t\t\t\t\t\n\t\t\t\t\t<div class=\"progression-portfolio-overlay\">\n\t\t\t\t\t\t<div class=\"progression-portfolio-content\">\n\t\t\t\t\t\t\n\t\t\t\t\t\t\t<ul class=\"progression-renovation-category\"><\/ul>\t\t\t\t\t\t\n\t\t\t\t\t\t\t<h2 class=\"progression-portfolio-title\">Yatak Odas\u0131 Yenileme<\/h2>\n\t\t\t\t\t\t\n\t\t\t\t\t\t\t\t\t\t\t\t\t\t\t<div class=\"progression-portfolio-btn\">View Project<i class=\"fa fa-angle-double-right\"><\/i><\/div>\n\t\t\t\t\t\t\t\t\t\t\t\t\t\n\t\t\t\t\t\t<\/div><!-- close .progression-portfolio-content -->\n\t\t\t\t\t<\/div><!-- close .progression-portfolio-overlay -->\n\t\n\t\t\t\t\t<div class=\"clearfix-pro\"><\/div>\n\t\n\t\t\t<\/a>\n\t\t<\/div><!-- close .progression-studios-default-portfolio-index -->\n\t<\/div>\n<\/div><!-- #post-## -->\t\t\t\t\t\t\t\n\t\t\t\t\t\t<\/div><!-- close .progression-studios-isotope-animation -->\n\t\t\t\t\t<\/div><!-- close .progression-masonry-padding-blog -->\n\t\t\t\t<\/div><!-- close .progression-masonry-item -->\n\t\t\t\t\t\t\t\t\t\n\t\t\t\t<div class=\"progression-masonry-item > islerimiz\t\t\t\t\"><!-- .progression-masonry-item -->\n\t\t\t\t\t<div class=\"progression-masonry-padding-blog\">\n\t\t\t\t\t\t<div class=\"progression-studios-isotope-animation\">\n\t\t\t\t\t\t\t\n\t\t\t\t\t\t\t\n<div id=\"post-263\" class=\"post-263 portfolio type-portfolio status-publish has-post-thumbnail hentry portfolio_type-islerimiz\">\t\n\t<div class=\"progression-studios-overlay-layout\">\n\t\t<div class=\"progression-studios-default-portfolio-index\">\n\t\t\t\t\n\t\t\t\t\n\t\t\t\t\t\t\n\t\t\t\t\t\t\t\t\t\n\t\t\t\t\t\t\t\t\t\t<a href=\"https:\/\/umranyapimarket.com\/wp-content\/uploads\/2018\/09\/portoflio-5.jpg\" data-rel=\"prettyPhoto[portfolio-gallery]\" >\n\t\t\t\t\t\t\t\t\t\n\t\t\t\t\n\t\t\n\n\t\t\t\t\t\t\t\t\t\t\t<div class=\"progression-studios-feaured-image\">\n\t\t\t\t\t\t\t<img width=\"600\" height=\"390\" src=\"https:\/\/umranyapimarket.com\/wp-content\/uploads\/2018\/09\/portoflio-5-600x390.jpg\" class=\"attachment-progression-studios-portfolio-index size-progression-studios-portfolio-index wp-post-image\" alt=\"\" loading=\"lazy\" \/>\t\t\t\t\t\t<\/div><!-- close .progression-studios-feaured-image -->\n\t\t\t\t\t\t\t\n\t\t\t\t\t<div class=\"progression-portfolio-overlay\">\n\t\t\t\t\t\t<div class=\"progression-portfolio-content\">\n\t\t\t\t\t\t\n\t\t\t\t\t\t\t<ul class=\"progression-renovation-category\"><\/ul>\t\t\t\t\t\t\n\t\t\t\t\t\t\t<h2 class=\"progression-portfolio-title\">\u0130\u00e7 Cephe Yenileme<\/h2>\n\t\t\t\t\t\t\n\t\t\t\t\t\t\t\t\t\t\t\t\t\t\t<div class=\"progression-portfolio-btn\">View Project<i class=\"fa fa-angle-double-right\"><\/i><\/div>\n\t\t\t\t\t\t\t\t\t\t\t\t\t\n\t\t\t\t\t\t<\/div><!-- close .progression-portfolio-content -->\n\t\t\t\t\t<\/div><!-- close .progression-portfolio-overlay -->\n\t\n\t\t\t\t\t<div class=\"clearfix-pro\"><\/div>\n\t\n\t\t\t<\/a>\n\t\t<\/div><!-- close .progression-studios-default-portfolio-index -->\n\t<\/div>\n<\/div><!-- #post-## -->\t\t\t\t\t\t\t\n\t\t\t\t\t\t<\/div><!-- close .progression-studios-isotope-animation -->\n\t\t\t\t\t<\/div><!-- close .progression-masonry-padding-blog -->\n\t\t\t\t<\/div><!-- close .progression-masonry-item -->\n\t\t\t\t\t\t\t\t\t\n\t\t\t\t<div class=\"progression-masonry-item > islerimiz\t\t\t\t\"><!-- .progression-masonry-item -->\n\t\t\t\t\t<div class=\"progression-masonry-padding-blog\">\n\t\t\t\t\t\t<div class=\"progression-studios-isotope-animation\">\n\t\t\t\t\t\t\t\n\t\t\t\t\t\t\t\n<div id=\"post-261\" class=\"post-261 portfolio type-portfolio status-publish has-post-thumbnail hentry portfolio_type-islerimiz\">\t\n\t<div class=\"progression-studios-overlay-layout\">\n\t\t<div class=\"progression-studios-default-portfolio-index\">\n\t\t\t\t\n\t\t\t\t\n\t\t\t\t\t\t\n\t\t\t\t\t\t\t\t\t\n\t\t\t\t\t\t\t\t\t\t<a href=\"https:\/\/umranyapimarket.com\/wp-content\/uploads\/2018\/09\/Brown-Residence.jpg\" data-rel=\"prettyPhoto[portfolio-gallery]\" >\n\t\t\t\t\t\t\t\t\t\n\t\t\t\t\n\t\t\n\n\t\t\t\t\t\t\t\t\t\t\t<div class=\"progression-studios-feaured-image\">\n\t\t\t\t\t\t\t<img width=\"600\" height=\"390\" src=\"https:\/\/umranyapimarket.com\/wp-content\/uploads\/2018\/09\/Brown-Residence-600x390.jpg\" class=\"attachment-progression-studios-portfolio-index size-progression-studios-portfolio-index wp-post-image\" alt=\"\" loading=\"lazy\" \/>\t\t\t\t\t\t<\/div><!-- close .progression-studios-feaured-image -->\n\t\t\t\t\t\t\t\n\t\t\t\t\t<div class=\"progression-portfolio-overlay\">\n\t\t\t\t\t\t<div class=\"progression-portfolio-content\">\n\t\t\t\t\t\t\n\t\t\t\t\t\t\t<ul class=\"progression-renovation-category\"><\/ul>\t\t\t\t\t\t\n\t\t\t\t\t\t\t<h2 class=\"progression-portfolio-title\">Villa<\/h2>\n\t\t\t\t\t\t\n\t\t\t\t\t\t\t\t\t\t\t\t\t\t\t<div class=\"progression-portfolio-btn\">View Project<i class=\"fa fa-angle-double-right\"><\/i><\/div>\n\t\t\t\t\t\t\t\t\t\t\t\t\t\n\t\t\t\t\t\t<\/div><!-- close .progression-portfolio-content -->\n\t\t\t\t\t<\/div><!-- close .progression-portfolio-overlay -->\n\t\n\t\t\t\t\t<div class=\"clearfix-pro\"><\/div>\n\t\n\t\t\t<\/a>\n\t\t<\/div><!-- close .progression-studios-default-portfolio-index -->\n\t<\/div>\n<\/div><!-- #post-## -->\t\t\t\t\t\t\t\n\t\t\t\t\t\t<\/div><!-- close .progression-studios-isotope-animation -->\n\t\t\t\t\t<\/div><!-- close .progression-masonry-padding-blog -->\n\t\t\t\t<\/div><!-- close .progression-masonry-item -->\n\t\t\t\t\t\t\t\t\t\n\t\t\t\t<div class=\"progression-masonry-item > islerimiz\t\t\t\t\"><!-- .progression-masonry-item -->\n\t\t\t\t\t<div class=\"progression-masonry-padding-blog\">\n\t\t\t\t\t\t<div class=\"progression-studios-isotope-animation\">\n\t\t\t\t\t\t\t\n\t\t\t\t\t\t\t\n<div id=\"post-259\" class=\"post-259 portfolio type-portfolio status-publish has-post-thumbnail hentry portfolio_type-islerimiz\">\t\n\t<div class=\"progression-studios-overlay-layout\">\n\t\t<div class=\"progression-studios-default-portfolio-index\">\n\t\t\t\t\n\t\t\t\t\n\t\t\t\t\t\t\n\t\t\t\t\t\t\t\t\t\n\t\t\t\t\t\t\t\t\t\t<a href=\"https:\/\/umranyapimarket.com\/wp-content\/uploads\/2018\/09\/portfolio-7.jpg\" data-rel=\"prettyPhoto[portfolio-gallery]\" >\n\t\t\t\t\t\t\t\t\t\n\t\t\t\t\n\t\t\n\n\t\t\t\t\t\t\t\t\t\t\t<div class=\"progression-studios-feaured-image\">\n\t\t\t\t\t\t\t<img width=\"600\" height=\"390\" src=\"https:\/\/umranyapimarket.com\/wp-content\/uploads\/2018\/09\/portfolio-7-600x390.jpg\" class=\"attachment-progression-studios-portfolio-index size-progression-studios-portfolio-index wp-post-image\" alt=\"\" loading=\"lazy\" \/>\t\t\t\t\t\t<\/div><!-- close .progression-studios-feaured-image -->\n\t\t\t\t\t\t\t\n\t\t\t\t\t<div class=\"progression-portfolio-overlay\">\n\t\t\t\t\t\t<div class=\"progression-portfolio-content\">\n\t\t\t\t\t\t\n\t\t\t\t\t\t\t<ul class=\"progression-renovation-category\"><\/ul>\t\t\t\t\t\t\n\t\t\t\t\t\t\t<h2 class=\"progression-portfolio-title\">D\u0131\u015f Cephe Yenileme<\/h2>\n\t\t\t\t\t\t\n\t\t\t\t\t\t\t\t\t\t\t\t\t\t\t<div class=\"progression-portfolio-btn\">View Project<i class=\"fa fa-angle-double-right\"><\/i><\/div>\n\t\t\t\t\t\t\t\t\t\t\t\t\t\n\t\t\t\t\t\t<\/div><!-- close .progression-portfolio-content -->\n\t\t\t\t\t<\/div><!-- close .progression-portfolio-overlay -->\n\t\n\t\t\t\t\t<div class=\"clearfix-pro\"><\/div>\n\t\n\t\t\t<\/a>\n\t\t<\/div><!-- close .progression-studios-default-portfolio-index -->\n\t<\/div>\n<\/div><!-- #post-## -->\t\t\t\t\t\t\t\n\t\t\t\t\t\t<\/div><!-- close .progression-studios-isotope-animation -->\n\t\t\t\t\t<\/div><!-- close .progression-masonry-padding-blog -->\n\t\t\t\t<\/div><!-- close .progression-masonry-item -->\n\t\t\t\t\t\t\t\t\t\n\t\t\t\t<div class=\"progression-masonry-item > islerimiz\t\t\t\t\"><!-- .progression-masonry-item -->\n\t\t\t\t\t<div class=\"progression-masonry-padding-blog\">\n\t\t\t\t\t\t<div class=\"progression-studios-isotope-animation\">\n\t\t\t\t\t\t\t\n\t\t\t\t\t\t\t\n<div id=\"post-257\" class=\"post-257 portfolio type-portfolio status-publish has-post-thumbnail hentry portfolio_type-islerimiz\">\t\n\t<div class=\"progression-studios-overlay-layout\">\n\t\t<div class=\"progression-studios-default-portfolio-index\">\n\t\t\t\t\n\t\t\t\t\n\t\t\t\t\t\t\n\t\t\t\t\t\t\t\t\t\n\t\t\t\t\t\t\t\t\t\t<a href=\"https:\/\/umranyapimarket.com\/wp-content\/uploads\/2018\/09\/Smith-residence.jpg\" data-rel=\"prettyPhoto[portfolio-gallery]\" >\n\t\t\t\t\t\t\t\t\t\n\t\t\t\t\n\t\t\n\n\t\t\t\t\t\t\t\t\t\t\t<div class=\"progression-studios-feaured-image\">\n\t\t\t\t\t\t\t<img width=\"600\" height=\"390\" src=\"https:\/\/umranyapimarket.com\/wp-content\/uploads\/2018\/09\/Smith-residence-600x390.jpg\" class=\"attachment-progression-studios-portfolio-index size-progression-studios-portfolio-index wp-post-image\" alt=\"\" loading=\"lazy\" \/>\t\t\t\t\t\t<\/div><!-- close .progression-studios-feaured-image -->\n\t\t\t\t\t\t\t\n\t\t\t\t\t<div class=\"progression-portfolio-overlay\">\n\t\t\t\t\t\t<div class=\"progression-portfolio-content\">\n\t\t\t\t\t\t\n\t\t\t\t\t\t\t<ul class=\"progression-renovation-category\"><\/ul>\t\t\t\t\t\t\n\t\t\t\t\t\t\t<h2 class=\"progression-portfolio-title\">Villa<\/h2>\n\t\t\t\t\t\t\n\t\t\t\t\t\t\t\t\t\t\t\t\t\t\t<div class=\"progression-portfolio-btn\">View Project<i class=\"fa fa-angle-double-right\"><\/i><\/div>\n\t\t\t\t\t\t\t\t\t\t\t\t\t\n\t\t\t\t\t\t<\/div><!-- close .progression-portfolio-content -->\n\t\t\t\t\t<\/div><!-- close .progression-portfolio-overlay -->\n\t\n\t\t\t\t\t<div class=\"clearfix-pro\"><\/div>\n\t\n\t\t\t<\/a>\n\t\t<\/div><!-- close .progression-studios-default-portfolio-index -->\n\t<\/div>\n<\/div><!-- #post-## -->\t\t\t\t\t\t\t\n\t\t\t\t\t\t<\/div><!-- close .progression-studios-isotope-animation -->\n\t\t\t\t\t<\/div><!-- close .progression-masonry-padding-blog -->\n\t\t\t\t<\/div><!-- close .progression-masonry-item -->\n\t\t\t\t\t\t\t\t\t\n\t\t\t\t<div class=\"progression-masonry-item > islerimiz\t\t\t\t\"><!-- .progression-masonry-item -->\n\t\t\t\t\t<div class=\"progression-masonry-padding-blog\">\n\t\t\t\t\t\t<div class=\"progression-studios-isotope-animation\">\n\t\t\t\t\t\t\t\n\t\t\t\t\t\t\t\n<div id=\"post-255\" class=\"post-255 portfolio type-portfolio status-publish has-post-thumbnail hentry portfolio_type-islerimiz\">\t\n\t<div class=\"progression-studios-overlay-layout\">\n\t\t<div class=\"progression-studios-default-portfolio-index\">\n\t\t\t\t\n\t\t\t\t\n\t\t\t\t\t\t\n\t\t\t\t\t\t\t\t\t\n\t\t\t\t\t\t\t\t\t\t<a href=\"https:\/\/umranyapimarket.com\/wp-content\/uploads\/2018\/09\/landscaping-1.jpg\" data-rel=\"prettyPhoto[portfolio-gallery]\" >\n\t\t\t\t\t\t\t\t\t\n\t\t\t\t\n\t\t\n\n\t\t\t\t\t\t\t\t\t\t\t<div class=\"progression-studios-feaured-image\">\n\t\t\t\t\t\t\t<img width=\"600\" height=\"390\" src=\"https:\/\/umranyapimarket.com\/wp-content\/uploads\/2018\/09\/landscaping-1-600x390.jpg\" class=\"attachment-progression-studios-portfolio-index size-progression-studios-portfolio-index wp-post-image\" alt=\"\" loading=\"lazy\" \/>\t\t\t\t\t\t<\/div><!-- close .progression-studios-feaured-image -->\n\t\t\t\t\t\t\t\n\t\t\t\t\t<div class=\"progression-portfolio-overlay\">\n\t\t\t\t\t\t<div class=\"progression-portfolio-content\">\n\t\t\t\t\t\t\n\t\t\t\t\t\t\t<ul class=\"progression-renovation-category\"><\/ul>\t\t\t\t\t\t\n\t\t\t\t\t\t\t<h2 class=\"progression-portfolio-title\">Bah\u00e7e Yenileme<\/h2>\n\t\t\t\t\t\t\n\t\t\t\t\t\t\t\t\t\t\t\t\t\t\t<div class=\"progression-portfolio-btn\">View Project<i class=\"fa fa-angle-double-right\"><\/i><\/div>\n\t\t\t\t\t\t\t\t\t\t\t\t\t\n\t\t\t\t\t\t<\/div><!-- close .progression-portfolio-content -->\n\t\t\t\t\t<\/div><!-- close .progression-portfolio-overlay -->\n\t\n\t\t\t\t\t<div class=\"clearfix-pro\"><\/div>\n\t\n\t\t\t<\/a>\n\t\t<\/div><!-- close .progression-studios-default-portfolio-index -->\n\t<\/div>\n<\/div><!-- #post-## -->\t\t\t\t\t\t\t\n\t\t\t\t\t\t<\/div><!-- close .progression-studios-isotope-animation -->\n\t\t\t\t\t<\/div><!-- close .progression-masonry-padding-blog -->\n\t\t\t\t<\/div><!-- close .progression-masonry-item -->\n\t\t\t\t\t\t\t<\/div><!-- close #progression-portfolio-index-masonry-534e5ce  -->\n\t\t<\/div><!-- close .progression-masonry-margins -->\n\t\t\n\t\t<div class=\"clearfix-pro\"><\/div>\n\t\t\n\t\t\t\t<div class=\"renovation-progression-pagination-elementor\">\n\t\t\t\t\t\t\t\t\t<\/div>\n\t\t\n\t<\/div><!-- close .progression-studios-elementor-portfolio-container -->\n\t\n\t<div class=\"clearfix-pro\"><\/div>\n\t\n\t\n\t<script type=\"text\/javascript\">\n\tjQuery(document).ready(function($) {\n\t\t'use strict';\n\t\t\n\t\t\/* Default Isotope Load Code *\/\n\t\tvar $container534e5ce = $(\"#progression-portfolio-index-masonry-534e5ce\").isotope();\n\t\t$container534e5ce.imagesLoaded( function() {\n\t\t\t$(\".progression-masonry-item\").addClass(\"opacity-progression\");\n\t\t\t$container534e5ce.isotope({\n\t\t\t\titemSelector: \"#progression-portfolio-index-masonry-534e5ce .progression-masonry-item\",\t\t\t\t\n\t\t\t\tpercentPosition: true,\n\t\t\t\tlayoutMode: \"fitRows\" \n\t \t\t});\n\t\t});\n\t\t\/* END Default Isotope Code *\/\n\t\t\n\t\t\n\t\t\t\t$('.progression-filter-group-534e5ce').on( 'click', 'li', function() {\n\t\t  var filterValue = $(this).attr('data-filter');\n\t\t  $container534e5ce.isotope({ filter: filterValue });\n\t\t});\n\t\t\n    \t  $('.progression-filter-group-534e5ce').each( function( i, buttonGroup ) {\n    \t\tvar $buttonGroup = $( buttonGroup );\n    \t\t$buttonGroup.on( 'click', 'li', function() {\n    \t\t  $buttonGroup.find('.pro-checked').removeClass('pro-checked');\n    \t\t  $( this ).addClass('pro-checked');\n    \t\t});\n    \t  });\n\t\t\t\t\n\t});\n\t<\/script>\n\t\n\n\t\t\n\n\t\t\t<\/div>\n\t\t\t\t<\/div>\n\t\t\t\t\t<\/div>\n\t\t<\/div>\n\t\t\t\t\t\t\t<\/div>\n\t\t<\/section>\n\t\t\t\t\t\t<\/div>\n\t\t\t\t\t<\/div>\n\t\t","protected":false},"excerpt":{"rendered":"<p>All Commercial Landscaping New Construction Residential new-construction residential &#8220;&gt; Kitchen Remodel View Project commercial new-construction &#8220;&gt; New Construction View Project commercial &#8220;&gt; Office Remodel View Project residential &#8220;&gt; Bedroom Remodel View Project commercial &#8220;&gt; Commercial Interior View Project new-construction residential &#8220;&gt; Brown\u2019s Residence View Project landscaping residential &#8220;&gt; Outdoor Pergola View Project new-construction residential &#8220;&gt; [&hellip;]<\/p>\n","protected":false},"author":1,"featured_media":0,"parent":0,"menu_order":0,"comment_status":"closed","ping_status":"closed","template":"","meta":{"om_disable_all_campaigns":false,"_monsterinsights_skip_tracking":false,"_monsterinsights_sitenote_active":false,"_monsterinsights_sitenote_note":"","_monsterinsights_sitenote_category":0},"_links":{"self":[{"href":"https:\/\/umranyapimarket.com\/index.php\/wp-json\/wp\/v2\/pages\/196"}],"collection":[{"href":"https:\/\/umranyapimarket.com\/index.php\/wp-json\/wp\/v2\/pages"}],"about":[{"href":"https:\/\/umranyapimarket.com\/index.php\/wp-json\/wp\/v2\/types\/page"}],"author":[{"embeddable":true,"href":"https:\/\/umranyapimarket.com\/index.php\/wp-json\/wp\/v2\/users\/1"}],"replies":[{"embeddable":true,"href":"https:\/\/umranyapimarket.com\/index.php\/wp-json\/wp\/v2\/comments?post=196"}],"version-history":[{"count":4,"href":"https:\/\/umranyapimarket.com\/index.php\/wp-json\/wp\/v2\/pages\/196\/revisions"}],"predecessor-version":[{"id":376,"href":"https:\/\/umranyapimarket.com\/index.php\/wp-json\/wp\/v2\/pages\/196\/revisions\/376"}],"wp:attachment":[{"href":"https:\/\/umranyapimarket.com\/index.php\/wp-json\/wp\/v2\/media?parent=196"}],"curies":[{"name":"wp","href":"https:\/\/api.w.org\/{rel}","templated":true}]}}